{"id":329329,"date":"2026-05-30T03:01:31","date_gmt":"2026-05-30T01:01:31","guid":{"rendered":"https:\/\/shop.larus.ch\/product\/finitions-profilees-12\/"},"modified":"2026-08-31T03:01:16","modified_gmt":"2026-08-31T01:01:16","slug":"finitions-profilees-12","status":"publish","type":"product","link":"https:\/\/shop.larus.ch\/fr\/product\/finitions-profilees-12\/","title":{"rendered":"Finitions profil\u00e9es 12"},"content":{"rendered":"<p>Finitions profil\u00e9es en alu 12 pces. \u00e0 2 m <br \/>incl. vis<\/p>\n","protected":false},"excerpt":{"rendered":"<p>Finitions profil\u00e9es en alu 12 pces. \u00e0 2 m <br \/>incl. vis<\/p>\n","protected":false},"featured_media":0,"template":"","meta":[],"product_brand":[],"product_cat":[],"product_tag":[],"class_list":["post-329329","product","type-product","status-publish","pa_bestelleinheit-fr-stueck-2","pa_bestelleinheit-stueck","pa_herkunft-polen","pa_herkunft-fr-polen","pa_hsh-nein","pa_hsh-fr-nein-3","pa_liefereinheit-fr-1-stueck-2","pa_liefereinheit-1-stueck","pa_masse-l200cm","pa_masse-fr-l200cm-2","pa_paletteinheit-fr-0-stueck-2","pa_paletteinheit-0-stueck","pa_palettrabatt-nein","pa_palettrabatt-fr-nein-4","pa_swiss_made-nein","pa_swiss_made-fr-nein","pa_tarifstufe-4515","pa_ueberlaenge-nein","pa_ueberlaenge-fr-nein-5","first","instock","taxable","shipping-taxable","purchasable","product-type-simple"],"_links":{"self":[{"href":"https:\/\/shop.larus.ch\/fr\/wp-json\/wp\/v2\/product\/329329","targetHints":{"allow":["GET"]}}],"collection":[{"href":"https:\/\/shop.larus.ch\/fr\/wp-json\/wp\/v2\/product"}],"about":[{"href":"https:\/\/shop.larus.ch\/fr\/wp-json\/wp\/v2\/types\/product"}],"wp:attachment":[{"href":"https:\/\/shop.larus.ch\/fr\/wp-json\/wp\/v2\/media?parent=329329"}],"wp:term":[{"taxonomy":"product_brand","embeddable":true,"href":"https:\/\/shop.larus.ch\/fr\/wp-json\/wp\/v2\/product_brand?post=329329"},{"taxonomy":"product_cat","embeddable":true,"href":"https:\/\/shop.larus.ch\/fr\/wp-json\/wp\/v2\/product_cat?post=329329"},{"taxonomy":"product_tag","embeddable":true,"href":"https:\/\/shop.larus.ch\/fr\/wp-json\/wp\/v2\/product_tag?post=329329"}],"curies":[{"name":"wp","href":"https:\/\/api.w.org\/{rel}","templated":true}]}}

Finitions profilées 12

<p>Finitions profilées en alu 12 pces. à 2 m <br />incl. vis</p>
