{"id":329070,"date":"2026-04-21T03:10:12","date_gmt":"2026-04-21T01:10:12","guid":{"rendered":"https:\/\/shop.larus.ch\/product\/maison-en-bloc-de-madriers-amelie-12-4m%c2%b2\/"},"modified":"2026-08-31T03:06:34","modified_gmt":"2026-08-31T01:06:34","slug":"maison-en-bloc-de-madriers-amelie-12-4m%c2%b2","status":"publish","type":"product","link":"https:\/\/shop.larus.ch\/fr\/product\/maison-en-bloc-de-madriers-amelie-12-4m%c2%b2\/","title":{"rendered":"Maison en bloc de madriers Amelie 12.4m\u00b2"},"content":{"rendered":"<p>Chalet Am\u00e9lie, 12,4 m\u00b2<br \/>\u00c9pic\u00e9a nordique massif non trait\u00e9, madriers de 44 mm, double porte 147 x 191 cm, portes et fen\u00eatres en aluminium, double vitrage isolant tremp\u00e9, y compris le sol, sans feutre de toiture<\/p>\n","protected":false},"excerpt":{"rendered":"<p>Chalet Am\u00e9lie, 12,4 m\u00b2<br \/>\u00c9pic\u00e9a nordique massif non trait\u00e9, madriers de 44 mm, double porte 147 x 191 cm, portes et fen\u00eatres en aluminium, double vitrage isolant tremp\u00e9, y compris le sol, sans feutre de toiture<\/p>\n","protected":false},"featured_media":329199,"template":"","meta":[],"product_brand":[],"product_cat":[59471],"product_tag":[],"class_list":["post-329070","product","type-product","status-publish","has-post-thumbnail","product_cat-255_fr_maisons-bloc-madriers-44-mm","pa_behandlung-natur","pa_behandlung-fr-natur-6","pa_bestelleinheit-fr-stueck-2","pa_bestelleinheit-stueck","pa_herkunft-estland","pa_herkunft-fr-estland","pa_holzart-fr-fichte-13","pa_holzart-fichte","pa_hsh-nein","pa_hsh-fr-nein-3","pa_liefereinheit-fr-1-stueck-2","pa_liefereinheit-1-stueck","pa_masse-b436xl300xh264cm","pa_masse-fr-b436xl300xh264cm","pa_paletteinheit-fr-0-stueck-2","pa_paletteinheit-0-stueck","pa_palettrabatt-nein","pa_palettrabatt-fr-nein-4","pa_swiss_made-nein","pa_swiss_made-fr-nein","pa_tarifstufe-4490","pa_ueberlaenge-ja","pa_ueberlaenge-fr-ja-5","first","instock","taxable","shipping-taxable","purchasable","product-type-simple"],"_links":{"self":[{"href":"https:\/\/shop.larus.ch\/fr\/wp-json\/wp\/v2\/product\/329070","targetHints":{"allow":["GET"]}}],"collection":[{"href":"https:\/\/shop.larus.ch\/fr\/wp-json\/wp\/v2\/product"}],"about":[{"href":"https:\/\/shop.larus.ch\/fr\/wp-json\/wp\/v2\/types\/product"}],"wp:featuredmedia":[{"embeddable":true,"href":"https:\/\/shop.larus.ch\/fr\/wp-json\/wp\/v2\/media\/329199"}],"wp:attachment":[{"href":"https:\/\/shop.larus.ch\/fr\/wp-json\/wp\/v2\/media?parent=329070"}],"wp:term":[{"taxonomy":"product_brand","embeddable":true,"href":"https:\/\/shop.larus.ch\/fr\/wp-json\/wp\/v2\/product_brand?post=329070"},{"taxonomy":"product_cat","embeddable":true,"href":"https:\/\/shop.larus.ch\/fr\/wp-json\/wp\/v2\/product_cat?post=329070"},{"taxonomy":"product_tag","embeddable":true,"href":"https:\/\/shop.larus.ch\/fr\/wp-json\/wp\/v2\/product_tag?post=329070"}],"curies":[{"name":"wp","href":"https:\/\/api.w.org\/{rel}","templated":true}]}}

<p>Chalet Amélie, 12,4 m²<br />Épicéa nordique massif non traité, madriers de 44 mm, double porte 147 x 191 cm, portes et fenêtres en aluminium, double vitrage isolant trempé, y compris le sol, sans feutre de toiture</p>
