{"id":328603,"date":"2026-03-12T03:06:03","date_gmt":"2026-03-12T02:06:03","guid":{"rendered":"https:\/\/shop.larus.ch\/product\/bois-construction-rabote\/"},"modified":"2026-08-31T03:05:35","modified_gmt":"2026-08-31T01:05:35","slug":"bois-construction-rabote-2","status":"publish","type":"product","link":"https:\/\/shop.larus.ch\/fr\/product\/bois-construction-rabote-2\/","title":{"rendered":"Bois construction rabot\u00e9"},"content":{"rendered":"<p>Bois de construction en pin vert PEFC<br \/>impr\u00e9gn\u00e9 verd\u00e2tre, rabot\u00e9<\/p>\n","protected":false},"excerpt":{"rendered":"<p>Bois de construction en pin vert PEFC<br \/>impr\u00e9gn\u00e9 verd\u00e2tre, rabot\u00e9<\/p>\n","protected":false},"featured_media":328691,"template":"","meta":[],"product_brand":[],"product_cat":[59323],"product_tag":[],"class_list":["post-328603","product","type-product","status-publish","has-post-thumbnail","product_cat-178_fr_bois-de-construction-en-pin","pa_behandlung-gruenl-imp","pa_behandlung-fr-gruenl-imp-2","pa_bestelleinheit-fr-stueck-2","pa_bestelleinheit-stueck","pa_fsc-nein","pa_fsc-fr-nein-2","pa_herkunft-polen","pa_herkunft-fr-polen","pa_holzart-kiefer","pa_holzart-fr-kiefer-4","pa_hsh-nein","pa_hsh-fr-nein-3","pa_liefereinheit-fr-1-stueck-2","pa_liefereinheit-1-stueck","pa_masse-b11-5xh7-5xl250cm","pa_masse-fr-b11-5xh7-5xl250cm-2","pa_paletteinheit-fr-45-stueck-2","pa_paletteinheit-45-stueck","pa_palettrabatt-ja","pa_palettrabatt-fr-ja-2","pa_swiss_made-nein","pa_swiss_made-fr-nein","pa_tarifstufe-3725","pa_ueberlaenge-nein","pa_ueberlaenge-fr-nein-5","first","instock","taxable","shipping-taxable","purchasable","product-type-simple"],"_links":{"self":[{"href":"https:\/\/shop.larus.ch\/fr\/wp-json\/wp\/v2\/product\/328603","targetHints":{"allow":["GET"]}}],"collection":[{"href":"https:\/\/shop.larus.ch\/fr\/wp-json\/wp\/v2\/product"}],"about":[{"href":"https:\/\/shop.larus.ch\/fr\/wp-json\/wp\/v2\/types\/product"}],"wp:featuredmedia":[{"embeddable":true,"href":"https:\/\/shop.larus.ch\/fr\/wp-json\/wp\/v2\/media\/328691"}],"wp:attachment":[{"href":"https:\/\/shop.larus.ch\/fr\/wp-json\/wp\/v2\/media?parent=328603"}],"wp:term":[{"taxonomy":"product_brand","embeddable":true,"href":"https:\/\/shop.larus.ch\/fr\/wp-json\/wp\/v2\/product_brand?post=328603"},{"taxonomy":"product_cat","embeddable":true,"href":"https:\/\/shop.larus.ch\/fr\/wp-json\/wp\/v2\/product_cat?post=328603"},{"taxonomy":"product_tag","embeddable":true,"href":"https:\/\/shop.larus.ch\/fr\/wp-json\/wp\/v2\/product_tag?post=328603"}],"curies":[{"name":"wp","href":"https:\/\/api.w.org\/{rel}","templated":true}]}}

Bois construction raboté

<p>Bois de construction en pin vert PEFC<br />imprégné verdâtre, raboté</p>
