{"id":328552,"date":"2026-03-06T03:00:41","date_gmt":"2026-03-06T02:00:41","guid":{"rendered":"https:\/\/shop.larus.ch\/product\/bordure-ronde\/"},"modified":"2026-08-31T03:00:35","modified_gmt":"2026-08-31T01:00:35","slug":"bordure-ronde","status":"publish","type":"product","link":"https:\/\/shop.larus.ch\/fr\/product\/bordure-ronde\/","title":{"rendered":"Bordure ronde impr\u00e9gn\u00e9 verd\u00e2tre"},"content":{"rendered":"<p>Bordure ronde PEFC<br \/>impr\u00e9gn\u00e9 verd\u00e2tre, pointu<\/p>\n","protected":false},"excerpt":{"rendered":"<p>Bordure ronde PEFC<br \/>impr\u00e9gn\u00e9 verd\u00e2tre, pointu<\/p>\n","protected":false},"featured_media":328667,"template":"","meta":[],"product_brand":[],"product_cat":[59365],"product_tag":[],"class_list":["post-328552","product","type-product","status-publish","has-post-thumbnail","product_cat-206_fr_bordure-ronde","pa_behandlung-gruenl-imp","pa_behandlung-fr-gruenl-imp-2","pa_bestelleinheit-fr-stueck-2","pa_bestelleinheit-stueck","pa_fsc-nein","pa_fsc-fr-nein-2","pa_herkunft-polen","pa_herkunft-fr-polen","pa_holzart-kiefer","pa_holzart-fr-kiefer-4","pa_hsh-nein","pa_hsh-fr-nein-3","pa_liefereinheit-fr-1-stueck-2","pa_liefereinheit-1-stueck","pa_masse-oe6-2xl80xh30cm","pa_masse-fr-oe6-2xl80xh30cm","pa_paletteinheit-fr-60-stueck-2","pa_paletteinheit-60-stueck","pa_palettrabatt-ja","pa_palettrabatt-fr-ja-2","pa_swiss_made-nein","pa_swiss_made-fr-nein","pa_tarifstufe-3279","pa_ueberlaenge-nein","pa_ueberlaenge-fr-nein-5","first","instock","taxable","shipping-taxable","purchasable","product-type-simple"],"_links":{"self":[{"href":"https:\/\/shop.larus.ch\/fr\/wp-json\/wp\/v2\/product\/328552","targetHints":{"allow":["GET"]}}],"collection":[{"href":"https:\/\/shop.larus.ch\/fr\/wp-json\/wp\/v2\/product"}],"about":[{"href":"https:\/\/shop.larus.ch\/fr\/wp-json\/wp\/v2\/types\/product"}],"wp:featuredmedia":[{"embeddable":true,"href":"https:\/\/shop.larus.ch\/fr\/wp-json\/wp\/v2\/media\/328667"}],"wp:attachment":[{"href":"https:\/\/shop.larus.ch\/fr\/wp-json\/wp\/v2\/media?parent=328552"}],"wp:term":[{"taxonomy":"product_brand","embeddable":true,"href":"https:\/\/shop.larus.ch\/fr\/wp-json\/wp\/v2\/product_brand?post=328552"},{"taxonomy":"product_cat","embeddable":true,"href":"https:\/\/shop.larus.ch\/fr\/wp-json\/wp\/v2\/product_cat?post=328552"},{"taxonomy":"product_tag","embeddable":true,"href":"https:\/\/shop.larus.ch\/fr\/wp-json\/wp\/v2\/product_tag?post=328552"}],"curies":[{"name":"wp","href":"https:\/\/api.w.org\/{rel}","templated":true}]}}

Bordure ronde imprégné verdâtre

<p>Bordure ronde PEFC<br />imprégné verdâtre, pointu</p>
