{"id":327650,"date":"2025-06-04T03:00:07","date_gmt":"2025-06-04T01:00:07","guid":{"rendered":"https:\/\/shop.larus.ch\/product\/montant-tete-ronde\/"},"modified":"2026-08-31T03:00:07","modified_gmt":"2026-08-31T01:00:07","slug":"montant-tete-ronde-3","status":"publish","type":"product","link":"https:\/\/shop.larus.ch\/fr\/product\/montant-tete-ronde-3\/","title":{"rendered":"Montant t\u00eate ronde"},"content":{"rendered":"<p>Montant avec t\u00eate ronde<br \/>impr\u00e9gn\u00e9 verd\u00e2tre,<br \/>rabot\u00e9 lisse<\/p>\n","protected":false},"excerpt":{"rendered":"<p>Montant avec t\u00eate ronde<br \/>impr\u00e9gn\u00e9 verd\u00e2tre,<br \/>rabot\u00e9 lisse<\/p>\n","protected":false},"featured_media":327879,"template":"","meta":[],"product_brand":[],"product_cat":[59277],"product_tag":[],"class_list":["post-327650","product","type-product","status-publish","has-post-thumbnail","product_cat-156_fr_poteaux-carres-9x9-cm-tete-ronde","pa_behandlung-gruenl-imp","pa_behandlung-fr-gruenl-imp-2","pa_bestelleinheit-fr-stueck-2","pa_bestelleinheit-stueck","pa_fsc-nein","pa_fsc-fr-nein-2","pa_herkunft-polen","pa_herkunft-fr-polen","pa_holzart-fr-fichte-kiefer-13","pa_holzart-fichte-kiefer","pa_hsh-nein","pa_hsh-fr-nein-3","pa_liefereinheit-fr-1-stueck-2","pa_liefereinheit-1-stueck","pa_masse-99xl210cm","pa_masse-fr-9-9xl210cm","pa_paletteinheit-fr-44-stueck-2","pa_paletteinheit-44-stueck","pa_palettrabatt-ja","pa_palettrabatt-fr-ja-2","pa_swiss_made-nein","pa_swiss_made-fr-nein","pa_tarifstufe-63140","pa_ueberlaenge-nein","pa_ueberlaenge-fr-nein-5","first","instock","taxable","shipping-taxable","purchasable","product-type-simple"],"_links":{"self":[{"href":"https:\/\/shop.larus.ch\/fr\/wp-json\/wp\/v2\/product\/327650","targetHints":{"allow":["GET"]}}],"collection":[{"href":"https:\/\/shop.larus.ch\/fr\/wp-json\/wp\/v2\/product"}],"about":[{"href":"https:\/\/shop.larus.ch\/fr\/wp-json\/wp\/v2\/types\/product"}],"wp:featuredmedia":[{"embeddable":true,"href":"https:\/\/shop.larus.ch\/fr\/wp-json\/wp\/v2\/media\/327879"}],"wp:attachment":[{"href":"https:\/\/shop.larus.ch\/fr\/wp-json\/wp\/v2\/media?parent=327650"}],"wp:term":[{"taxonomy":"product_brand","embeddable":true,"href":"https:\/\/shop.larus.ch\/fr\/wp-json\/wp\/v2\/product_brand?post=327650"},{"taxonomy":"product_cat","embeddable":true,"href":"https:\/\/shop.larus.ch\/fr\/wp-json\/wp\/v2\/product_cat?post=327650"},{"taxonomy":"product_tag","embeddable":true,"href":"https:\/\/shop.larus.ch\/fr\/wp-json\/wp\/v2\/product_tag?post=327650"}],"curies":[{"name":"wp","href":"https:\/\/api.w.org\/{rel}","templated":true}]}}

Montant tête ronde

<p>Montant avec tête ronde<br />imprégné verdâtre,<br />raboté lisse</p>
