{"id":327400,"date":"2025-05-28T03:10:35","date_gmt":"2025-05-28T01:10:35","guid":{"rendered":"https:\/\/shop.larus.ch\/product\/panneau-a-lamelles-mallorca\/"},"modified":"2026-08-31T03:10:48","modified_gmt":"2026-08-31T01:10:48","slug":"panneau-a-lamelles-mallorca-3","status":"publish","type":"product","link":"https:\/\/shop.larus.ch\/fr\/product\/panneau-a-lamelles-mallorca-3\/","title":{"rendered":"Panneau \u00e0 lamelles Mallorca"},"content":{"rendered":"<p>Panneaux \u00e0 lamelles Mallorca<br \/>impr\u00e9gn\u00e9 verd\u00e2tre, <br \/>cadre environ 21 x 54 mm<\/p>\n","protected":false},"excerpt":{"rendered":"<p>Panneaux \u00e0 lamelles Mallorca<br \/>impr\u00e9gn\u00e9 verd\u00e2tre, <br \/>cadre environ 21 x 54 mm<\/p>\n","protected":false},"featured_media":327580,"template":"","meta":[],"product_brand":[],"product_cat":[59051],"product_tag":[],"class_list":["post-327400","product","type-product","status-publish","has-post-thumbnail","product_cat-41_fr_panneaux-a-lamelles-mallorca","pa_behandlung-gruenl-imp","pa_behandlung-fr-gruenl-imp-2","pa_bestelleinheit-fr-stueck-2","pa_bestelleinheit-stueck","pa_fsc-nein","pa_fsc-fr-nein-2","pa_herkunft-fr-polen","pa_herkunft-polen","pa_holzart-kiefer","pa_holzart-fr-kiefer-4","pa_hsh-nein","pa_hsh-fr-nein-3","pa_liefereinheit-fr-1-stueck-2","pa_liefereinheit-1-stueck","pa_masse-b180xh180cm","pa_masse-fr-b180xh180cm-2","pa_paletteinheit-fr-50-stueck-2","pa_paletteinheit-50-stueck","pa_palettrabatt-ja","pa_palettrabatt-fr-ja-2","pa_swiss_made-nein","pa_swiss_made-fr-nein","pa_tarifstufe-3324","pa_ueberlaenge-nein","pa_ueberlaenge-fr-nein-5","first","instock","taxable","shipping-taxable","purchasable","product-type-simple"],"_links":{"self":[{"href":"https:\/\/shop.larus.ch\/fr\/wp-json\/wp\/v2\/product\/327400","targetHints":{"allow":["GET"]}}],"collection":[{"href":"https:\/\/shop.larus.ch\/fr\/wp-json\/wp\/v2\/product"}],"about":[{"href":"https:\/\/shop.larus.ch\/fr\/wp-json\/wp\/v2\/types\/product"}],"wp:featuredmedia":[{"embeddable":true,"href":"https:\/\/shop.larus.ch\/fr\/wp-json\/wp\/v2\/media\/327580"}],"wp:attachment":[{"href":"https:\/\/shop.larus.ch\/fr\/wp-json\/wp\/v2\/media?parent=327400"}],"wp:term":[{"taxonomy":"product_brand","embeddable":true,"href":"https:\/\/shop.larus.ch\/fr\/wp-json\/wp\/v2\/product_brand?post=327400"},{"taxonomy":"product_cat","embeddable":true,"href":"https:\/\/shop.larus.ch\/fr\/wp-json\/wp\/v2\/product_cat?post=327400"},{"taxonomy":"product_tag","embeddable":true,"href":"https:\/\/shop.larus.ch\/fr\/wp-json\/wp\/v2\/product_tag?post=327400"}],"curies":[{"name":"wp","href":"https:\/\/api.w.org\/{rel}","templated":true}]}}

Panneau à lamelles Mallorca

<p>Panneaux à lamelles Mallorca<br />imprégné verdâtre, <br />cadre environ 21 x 54 mm</p>
