{"id":327360,"date":"2025-05-28T03:00:23","date_gmt":"2025-05-28T01:00:23","guid":{"rendered":"https:\/\/shop.larus.ch\/product\/porte-sonnentau\/"},"modified":"2026-08-31T03:00:26","modified_gmt":"2026-08-31T01:00:26","slug":"porte-sonnentau","status":"publish","type":"product","link":"https:\/\/shop.larus.ch\/fr\/product\/porte-sonnentau\/","title":{"rendered":"Porte Sonnentau impr\u00e9gn\u00e9 verd\u00e2tre"},"content":{"rendered":"<p>Porte de cl\u00f4ture en lattes Sonnentau<br \/>impr\u00e9gn\u00e9 verd\u00e2tre<br \/>(sans ferrures)<\/p>\n","protected":false},"excerpt":{"rendered":"<p>Porte de cl\u00f4ture en lattes Sonnentau<br \/>impr\u00e9gn\u00e9 verd\u00e2tre<br \/>(sans ferrures)<\/p>\n","protected":false},"featured_media":329524,"template":"","meta":[],"product_brand":[],"product_cat":[59049],"product_tag":[],"class_list":["post-327360","product","type-product","status-publish","has-post-thumbnail","product_cat-39_fr_clotures-en-lattes-sonnentau","pa_behandlung-gruenl-imp","pa_behandlung-fr-gruenl-imp-2","pa_bestelleinheit-fr-stueck-2","pa_bestelleinheit-stueck","pa_fsc-nein","pa_fsc-fr-nein-2","pa_herkunft-polen","pa_herkunft-fr-polen","pa_holzart-kiefer","pa_holzart-fr-kiefer-4","pa_hsh-nein","pa_hsh-fr-nein-3","pa_liefereinheit-fr-1-stueck-2","pa_liefereinheit-1-stueck","pa_masse-b100xh180cm","pa_masse-fr-b100xh180cm-2","pa_paletteinheit-fr-0-stueck-2","pa_paletteinheit-0-stueck","pa_palettrabatt-nein","pa_palettrabatt-fr-nein-4","pa_swiss_made-nein","pa_swiss_made-fr-nein","pa_tarifstufe-59532","pa_ueberlaenge-nein","pa_ueberlaenge-fr-nein-5","first","instock","taxable","shipping-taxable","purchasable","product-type-simple"],"_links":{"self":[{"href":"https:\/\/shop.larus.ch\/fr\/wp-json\/wp\/v2\/product\/327360","targetHints":{"allow":["GET"]}}],"collection":[{"href":"https:\/\/shop.larus.ch\/fr\/wp-json\/wp\/v2\/product"}],"about":[{"href":"https:\/\/shop.larus.ch\/fr\/wp-json\/wp\/v2\/types\/product"}],"wp:featuredmedia":[{"embeddable":true,"href":"https:\/\/shop.larus.ch\/fr\/wp-json\/wp\/v2\/media\/329524"}],"wp:attachment":[{"href":"https:\/\/shop.larus.ch\/fr\/wp-json\/wp\/v2\/media?parent=327360"}],"wp:term":[{"taxonomy":"product_brand","embeddable":true,"href":"https:\/\/shop.larus.ch\/fr\/wp-json\/wp\/v2\/product_brand?post=327360"},{"taxonomy":"product_cat","embeddable":true,"href":"https:\/\/shop.larus.ch\/fr\/wp-json\/wp\/v2\/product_cat?post=327360"},{"taxonomy":"product_tag","embeddable":true,"href":"https:\/\/shop.larus.ch\/fr\/wp-json\/wp\/v2\/product_tag?post=327360"}],"curies":[{"name":"wp","href":"https:\/\/api.w.org\/{rel}","templated":true}]}}

Porte Sonnentau imprégné verdâtre

<p>Porte de clôture en lattes Sonnentau<br />imprégné verdâtre<br />(sans ferrures)</p>
