{"id":322741,"date":"2025-04-09T10:16:30","date_gmt":"2025-04-09T08:16:30","guid":{"rendered":"https:\/\/shop.larus.ch\/product\/montant-avec-tete-ronde\/"},"modified":"2026-08-31T03:01:03","modified_gmt":"2026-08-31T01:01:03","slug":"montant-avec-tete-ronde-2","status":"publish","type":"product","link":"https:\/\/shop.larus.ch\/fr\/product\/montant-avec-tete-ronde-2\/","title":{"rendered":"Montant avec t\u00eate ronde"},"content":{"rendered":"<p>Montant avec t\u00eate ronde<br \/>impr\u00e9gn\u00e9 verd\u00e2tre,<br \/>rabot\u00e9 lisse<\/p>\n","protected":false},"excerpt":{"rendered":"<p>Montant avec t\u00eate ronde<br \/>impr\u00e9gn\u00e9 verd\u00e2tre,<br \/>rabot\u00e9 lisse<\/p>\n","protected":false},"featured_media":324077,"template":"","meta":[],"product_brand":[],"product_cat":[59277],"product_tag":[],"class_list":["post-322741","product","type-product","status-publish","has-post-thumbnail","product_cat-156_fr_poteaux-carres-9x9-cm-tete-ronde","pa_behandlung-gruenl-imp","pa_behandlung-fr-gruenl-imp-2","pa_bestelleinheit-fr-stueck-2","pa_bestelleinheit-stueck","pa_fsc-nein","pa_fsc-fr-nein-2","pa_herkunft-polen","pa_herkunft-fr-polen","pa_holzart-fr-fichte-kiefer-13","pa_holzart-fichte-kiefer","pa_hsh-nein","pa_hsh-fr-nein-3","pa_liefereinheit-fr-1-stueck-2","pa_liefereinheit-1-stueck","pa_masse-99xl110cm","pa_masse-fr-99xl110cm-4","pa_paletteinheit-fr-0-stueck-2","pa_paletteinheit-0-stueck","pa_palettrabatt-nein","pa_palettrabatt-fr-nein-4","pa_swiss_made-nein","pa_swiss_made-fr-nein","pa_tarifstufe-3279","pa_ueberlaenge-nein","pa_ueberlaenge-fr-nein-5","first","instock","taxable","shipping-taxable","purchasable","product-type-simple"],"_links":{"self":[{"href":"https:\/\/shop.larus.ch\/fr\/wp-json\/wp\/v2\/product\/322741","targetHints":{"allow":["GET"]}}],"collection":[{"href":"https:\/\/shop.larus.ch\/fr\/wp-json\/wp\/v2\/product"}],"about":[{"href":"https:\/\/shop.larus.ch\/fr\/wp-json\/wp\/v2\/types\/product"}],"wp:featuredmedia":[{"embeddable":true,"href":"https:\/\/shop.larus.ch\/fr\/wp-json\/wp\/v2\/media\/324077"}],"wp:attachment":[{"href":"https:\/\/shop.larus.ch\/fr\/wp-json\/wp\/v2\/media?parent=322741"}],"wp:term":[{"taxonomy":"product_brand","embeddable":true,"href":"https:\/\/shop.larus.ch\/fr\/wp-json\/wp\/v2\/product_brand?post=322741"},{"taxonomy":"product_cat","embeddable":true,"href":"https:\/\/shop.larus.ch\/fr\/wp-json\/wp\/v2\/product_cat?post=322741"},{"taxonomy":"product_tag","embeddable":true,"href":"https:\/\/shop.larus.ch\/fr\/wp-json\/wp\/v2\/product_tag?post=322741"}],"curies":[{"name":"wp","href":"https:\/\/api.w.org\/{rel}","templated":true}]}}

Montant avec tête ronde

<p>Montant avec tête ronde<br />imprégné verdâtre,<br />raboté lisse</p>
