{"id":290005,"date":"2022-03-31T03:51:11","date_gmt":"2022-03-31T01:51:11","guid":{"rendered":"https:\/\/shop.larus.ch\/product\/maison-en-verre-lisa\/"},"modified":"2026-08-31T03:05:30","modified_gmt":"2026-08-31T01:05:30","slug":"maison-en-verre-lisa-3","status":"publish","type":"product","link":"https:\/\/shop.larus.ch\/fr\/product\/maison-en-verre-lisa-3\/","title":{"rendered":"Maison en verre Lisa"},"content":{"rendered":"<p>Maison en verre Lisa <br \/>\u00e9pic\u00e9a commun de EE<br \/>poteau 44 x 95 mm<br \/>verre tremp\u00e9 4mm, fen\u00eatre avec ouverture automatique des fen\u00eatres<br \/>pente de toit 45\u00b0, surface de toit 8.2 m2<br \/>impr\u00e9gn\u00e9 sous pression en gris<\/p>\n","protected":false},"excerpt":{"rendered":"<p>Maison en verre Lisa <br \/>\u00e9pic\u00e9a commun de EE<br \/>poteau 44 x 95 mm<br \/>verre tremp\u00e9 4mm, fen\u00eatre avec ouverture automatique des fen\u00eatres<br \/>pente de toit 45\u00b0, surface de toit 8.2 m2<br \/>impr\u00e9gn\u00e9 sous pression en gris<\/p>\n","protected":false},"featured_media":324876,"template":"","meta":[],"product_brand":[],"product_cat":[59473],"product_tag":[],"class_list":["post-290005","product","type-product","status-publish","has-post-thumbnail","product_cat-256_fr_cabane-de-jardin","pa_behandlung-grau-tauchimpraegniert","pa_behandlung-fr-grau-tauchimpraegniert-2","pa_bestelleinheit-fr-stueck-2","pa_bestelleinheit-stueck","pa_fsc-nein","pa_fsc-fr-nein-2","pa_herkunft-estland","pa_herkunft-fr-estland","pa_holzart-fr-fichte-13","pa_holzart-fichte","pa_hsh-nein","pa_hsh-fr-nein-3","pa_liefereinheit-fr-1-stueck-2","pa_liefereinheit-1-stueck","pa_masse-fr-b244xh286xl240-cm","pa_masse-b244xh286xl240-cm","pa_paletteinheit-fr-0-stueck-2","pa_paletteinheit-0-stueck","pa_palettrabatt-nein","pa_palettrabatt-fr-nein-4","pa_swiss_made-nein","pa_swiss_made-fr-nein","pa_tarifstufe-60843","pa_ueberlaenge-nein","pa_ueberlaenge-fr-nein-5","first","instock","taxable","shipping-taxable","purchasable","product-type-simple"],"_links":{"self":[{"href":"https:\/\/shop.larus.ch\/fr\/wp-json\/wp\/v2\/product\/290005","targetHints":{"allow":["GET"]}}],"collection":[{"href":"https:\/\/shop.larus.ch\/fr\/wp-json\/wp\/v2\/product"}],"about":[{"href":"https:\/\/shop.larus.ch\/fr\/wp-json\/wp\/v2\/types\/product"}],"wp:featuredmedia":[{"embeddable":true,"href":"https:\/\/shop.larus.ch\/fr\/wp-json\/wp\/v2\/media\/324876"}],"wp:attachment":[{"href":"https:\/\/shop.larus.ch\/fr\/wp-json\/wp\/v2\/media?parent=290005"}],"wp:term":[{"taxonomy":"product_brand","embeddable":true,"href":"https:\/\/shop.larus.ch\/fr\/wp-json\/wp\/v2\/product_brand?post=290005"},{"taxonomy":"product_cat","embeddable":true,"href":"https:\/\/shop.larus.ch\/fr\/wp-json\/wp\/v2\/product_cat?post=290005"},{"taxonomy":"product_tag","embeddable":true,"href":"https:\/\/shop.larus.ch\/fr\/wp-json\/wp\/v2\/product_tag?post=290005"}],"curies":[{"name":"wp","href":"https:\/\/api.w.org\/{rel}","templated":true}]}}

<p>Maison en verre Lisa <br />épicéa commun de EE<br />poteau 44 x 95 mm<br />verre trempé 4mm, fenêtre avec ouverture automatique des fenêtres<br />pente de toit 45°, surface de toit 8.2 m2<br />imprégné sous pression en gris</p>
