{"id":275283,"date":"2021-02-25T03:55:10","date_gmt":"2021-02-25T02:55:10","guid":{"rendered":"https:\/\/shop.larus.ch\/product\/montants-en-acier-t-porte\/"},"modified":"2026-08-31T03:01:36","modified_gmt":"2026-08-31T01:01:36","slug":"montants-en-acier-t-porte","status":"publish","type":"product","link":"https:\/\/shop.larus.ch\/fr\/product\/montants-en-acier-t-porte\/","title":{"rendered":"Montants en acier T porte"},"content":{"rendered":"<p>Montants en acier T galvanis\u00e9s \u00e0 chaud (sans raccords), pour hauteur de la porte \u00e0 120 cm &#8211; sans per\u00e7age<\/p>\n","protected":false},"excerpt":{"rendered":"<p>Montants en acier T galvanis\u00e9s \u00e0 chaud (sans raccords), pour hauteur de la porte \u00e0 120 cm &#8211; sans per\u00e7age<\/p>\n","protected":false},"featured_media":324592,"template":"","meta":[],"product_brand":[],"product_cat":[59289],"product_tag":[],"class_list":["post-275283","product","type-product","status-publish","has-post-thumbnail","product_cat-161_fr_montants-en-acier-t-normalises","pa_behandlung-feuerverzinkt","pa_behandlung-fr-feuerverzinkt-12","pa_bestelleinheit-fr-stueck-2","pa_bestelleinheit-stueck","pa_fsc-nein","pa_fsc-fr-nein-2","pa_herkunft-schweiz","pa_herkunft-fr-schweiz","pa_hsh-nein","pa_hsh-fr-nein-3","pa_liefereinheit-fr-1-stueck-2","pa_liefereinheit-1-stueck","pa_masse-6-0-6-0-0-7-l150cm","pa_masse-fr-6-0-6-0-0-7-l150cm-2","pa_paletteinheit-fr-0-stueck-2","pa_paletteinheit-0-stueck","pa_palettrabatt-nein","pa_palettrabatt-fr-nein-4","pa_swiss_made-ja","pa_swiss_made-fr-ja-3","pa_tarifstufe-3625","pa_ueberlaenge-nein","pa_ueberlaenge-fr-nein-5","first","instock","taxable","shipping-taxable","purchasable","product-type-simple"],"_links":{"self":[{"href":"https:\/\/shop.larus.ch\/fr\/wp-json\/wp\/v2\/product\/275283","targetHints":{"allow":["GET"]}}],"collection":[{"href":"https:\/\/shop.larus.ch\/fr\/wp-json\/wp\/v2\/product"}],"about":[{"href":"https:\/\/shop.larus.ch\/fr\/wp-json\/wp\/v2\/types\/product"}],"wp:featuredmedia":[{"embeddable":true,"href":"https:\/\/shop.larus.ch\/fr\/wp-json\/wp\/v2\/media\/324592"}],"wp:attachment":[{"href":"https:\/\/shop.larus.ch\/fr\/wp-json\/wp\/v2\/media?parent=275283"}],"wp:term":[{"taxonomy":"product_brand","embeddable":true,"href":"https:\/\/shop.larus.ch\/fr\/wp-json\/wp\/v2\/product_brand?post=275283"},{"taxonomy":"product_cat","embeddable":true,"href":"https:\/\/shop.larus.ch\/fr\/wp-json\/wp\/v2\/product_cat?post=275283"},{"taxonomy":"product_tag","embeddable":true,"href":"https:\/\/shop.larus.ch\/fr\/wp-json\/wp\/v2\/product_tag?post=275283"}],"curies":[{"name":"wp","href":"https:\/\/api.w.org\/{rel}","templated":true}]}}

<p>Montants en acier T galvanisés à chaud (sans raccords), pour hauteur de la porte à 120 cm &#8211; sans perçage</p>
