{"id":261238,"date":"2019-04-30T04:50:53","date_gmt":"2019-04-30T02:50:53","guid":{"rendered":"https:\/\/shop.larus.ch\/product\/etias-en-mlze\/"},"modified":"2026-08-31T03:00:28","modified_gmt":"2026-08-31T01:00:28","slug":"etias-en-mlze","status":"publish","type":"product","link":"https:\/\/shop.larus.ch\/fr\/product\/etias-en-mlze\/","title":{"rendered":"Etias en m\u00e9l\u00e8ze"},"content":{"rendered":"<p>Etais en m\u00e9l\u00e8ze<br \/>impr\u00e9gn\u00e9 brun<\/p>\n","protected":false},"excerpt":{"rendered":"<p>Etais en m\u00e9l\u00e8ze<br \/>impr\u00e9gn\u00e9 brun<\/p>\n","protected":false},"featured_media":324258,"template":"","meta":[],"product_brand":[],"product_cat":[60241],"product_tag":[],"class_list":["post-261238","product","type-product","status-publish","has-post-thumbnail","product_cat-190_fr_etais-en-meleze","pa_behandlung-braun-impr","pa_behandlung-fr-braun-impr-10","pa_bestelleinheit-fr-stueck-2","pa_bestelleinheit-stueck","pa_fsc-nein","pa_fsc-fr-nein-2","pa_herkunft-fr-schweiz-deutschland-ungarn","pa_herkunft-schweiz-deutschland-ungarn","pa_holzart-europ-laerche","pa_holzart-fr-europ-laerche-2","pa_hsh-nein","pa_hsh-fr-nein-3","pa_liefereinheit-fr-1-stueck-2","pa_liefereinheit-1-stueck","pa_masse-5-8xl300cm","pa_masse-fr-5-8xl300cm-2","pa_paletteinheit-fr-0-stueck-2","pa_paletteinheit-0-stueck","pa_palettrabatt-nein","pa_palettrabatt-fr-nein-4","pa_swiss_made-ja","pa_swiss_made-fr-ja-3","pa_tarifstufe-3727","pa_ueberlaenge-nein","pa_ueberlaenge-fr-nein-5","first","instock","taxable","shipping-taxable","purchasable","product-type-simple"],"_links":{"self":[{"href":"https:\/\/shop.larus.ch\/fr\/wp-json\/wp\/v2\/product\/261238","targetHints":{"allow":["GET"]}}],"collection":[{"href":"https:\/\/shop.larus.ch\/fr\/wp-json\/wp\/v2\/product"}],"about":[{"href":"https:\/\/shop.larus.ch\/fr\/wp-json\/wp\/v2\/types\/product"}],"wp:featuredmedia":[{"embeddable":true,"href":"https:\/\/shop.larus.ch\/fr\/wp-json\/wp\/v2\/media\/324258"}],"wp:attachment":[{"href":"https:\/\/shop.larus.ch\/fr\/wp-json\/wp\/v2\/media?parent=261238"}],"wp:term":[{"taxonomy":"product_brand","embeddable":true,"href":"https:\/\/shop.larus.ch\/fr\/wp-json\/wp\/v2\/product_brand?post=261238"},{"taxonomy":"product_cat","embeddable":true,"href":"https:\/\/shop.larus.ch\/fr\/wp-json\/wp\/v2\/product_cat?post=261238"},{"taxonomy":"product_tag","embeddable":true,"href":"https:\/\/shop.larus.ch\/fr\/wp-json\/wp\/v2\/product_tag?post=261238"}],"curies":[{"name":"wp","href":"https:\/\/api.w.org\/{rel}","templated":true}]}}

Etias en mélèze

<p>Etais en mélèze<br />imprégné brun</p>
