{"id":260958,"date":"2019-04-12T05:04:17","date_gmt":"2019-04-12T03:04:17","guid":{"rendered":"https:\/\/shop.larus.ch\/product\/maison-en-bloc-de-madriers-leila-2\/"},"modified":"2026-08-31T03:01:55","modified_gmt":"2026-08-31T01:01:55","slug":"maison-en-bloc-de-madriers-leila-2","status":"publish","type":"product","link":"https:\/\/shop.larus.ch\/fr\/product\/maison-en-bloc-de-madriers-leila-2\/","title":{"rendered":"Maison en bloc de madriers Leila 3"},"content":{"rendered":"<p>Maison en bloc de madriers Leila 3<br \/>\u00e9pic\u00e9a massif nordique, non trait\u00e9, madriers 44 mm, planches de toit 19 mm, avec fond, portes 151 x 186 cm, sans carton bitum\u00e9<\/p>\n","protected":false},"excerpt":{"rendered":"<p>Maison en bloc de madriers Leila 3<br \/>\u00e9pic\u00e9a massif nordique, non trait\u00e9, madriers 44 mm, planches de toit 19 mm, avec fond, portes 151 x 186 cm, sans carton bitum\u00e9<\/p>\n","protected":false},"featured_media":326618,"template":"","meta":[],"product_brand":[],"product_cat":[59469],"product_tag":[],"class_list":["post-260958","product","type-product","status-publish","has-post-thumbnail","product_cat-254_fr_maison-bloc-madrier-28-mm","pa_behandlung-natur","pa_behandlung-fr-natur-6","pa_bestelleinheit-fr-stueck-2","pa_bestelleinheit-stueck","pa_fsc-nein","pa_fsc-fr-nein-2","pa_herkunft-estland","pa_herkunft-fr-estland","pa_holzart-fr-fichte-13","pa_holzart-fichte","pa_hsh-nein","pa_hsh-fr-nein-3","pa_liefereinheit-fr-1-stueck-2","pa_liefereinheit-1-stueck","pa_masse-b444xh263xl364cm","pa_masse-fr-b444xh263xl364cm","pa_paletteinheit-fr-0-stueck-2","pa_paletteinheit-0-stueck","pa_palettrabatt-nein","pa_palettrabatt-fr-nein-4","pa_swiss_made-nein","pa_swiss_made-fr-nein","pa_tarifstufe-60075","pa_ueberlaenge-ja","pa_ueberlaenge-fr-ja-5","first","instock","taxable","shipping-taxable","purchasable","product-type-simple"],"_links":{"self":[{"href":"https:\/\/shop.larus.ch\/fr\/wp-json\/wp\/v2\/product\/260958","targetHints":{"allow":["GET"]}}],"collection":[{"href":"https:\/\/shop.larus.ch\/fr\/wp-json\/wp\/v2\/product"}],"about":[{"href":"https:\/\/shop.larus.ch\/fr\/wp-json\/wp\/v2\/types\/product"}],"wp:featuredmedia":[{"embeddable":true,"href":"https:\/\/shop.larus.ch\/fr\/wp-json\/wp\/v2\/media\/326618"}],"wp:attachment":[{"href":"https:\/\/shop.larus.ch\/fr\/wp-json\/wp\/v2\/media?parent=260958"}],"wp:term":[{"taxonomy":"product_brand","embeddable":true,"href":"https:\/\/shop.larus.ch\/fr\/wp-json\/wp\/v2\/product_brand?post=260958"},{"taxonomy":"product_cat","embeddable":true,"href":"https:\/\/shop.larus.ch\/fr\/wp-json\/wp\/v2\/product_cat?post=260958"},{"taxonomy":"product_tag","embeddable":true,"href":"https:\/\/shop.larus.ch\/fr\/wp-json\/wp\/v2\/product_tag?post=260958"}],"curies":[{"name":"wp","href":"https:\/\/api.w.org\/{rel}","templated":true}]}}

<p>Maison en bloc de madriers Leila 3<br />épicéa massif nordique, non traité, madriers 44 mm, planches de toit 19 mm, avec fond, portes 151 x 186 cm, sans carton bitumé</p>
