{"id":16608,"date":"2017-09-05T14:30:21","date_gmt":"2017-09-05T12:30:21","guid":{"rendered":"http:\/\/shop.larus.ch.rubin.metanet.ch\/product\/lment-de-paroi-en-pierre\/"},"modified":"2026-08-31T03:15:12","modified_gmt":"2026-08-31T01:15:12","slug":"lment-de-paroi-en-pierre-4","status":"publish","type":"product","link":"https:\/\/shop.larus.ch\/fr\/product\/lment-de-paroi-en-pierre-4\/","title":{"rendered":"\u00e9l\u00e9ment de paroi en pierre"},"content":{"rendered":"<p>\u00e9l\u00e9ment de paroi en pierre<br \/>se composant de: <br \/>&#8211; 2x colonnes murales 190cm de long, 23cm de large, galvanis\u00e9 \u00e0 chaud<br \/>&#8211; 2x nattes \u00e0 doubles barre S 143cm, galvanis\u00e9 \u00e0 chaud<br \/>&#8211; 4x attaches universelles V2A, 1 kit = 4 pi\u00e8ces<br \/>&#8211; 16x entretoises, 23cm<\/p>\n","protected":false},"excerpt":{"rendered":"<p>\u00e9l\u00e9ment de paroi en pierre<br \/>se composant de: <br \/>&#8211; 2x colonnes murales 190cm de long, 23cm de large, galvanis\u00e9 \u00e0 chaud<br \/>&#8211; 2x nattes \u00e0 doubles barre S 143cm, galvanis\u00e9 \u00e0 chaud<br \/>&#8211; 4x attaches universelles V2A, 1 kit = 4 pi\u00e8ces<br \/>&#8211; 16x entretoises, 23cm<\/p>\n","protected":false},"featured_media":325868,"template":"","meta":[],"product_brand":[],"product_cat":[59091],"product_tag":[],"class_list":["post-16608","product","type-product","status-publish","has-post-thumbnail","rabattgruppe-a","product_cat-56_fr_element-de-base","pa_behandlung-feuerverzinkt","pa_behandlung-fr-feuerverzinkt-12","pa_bestelleinheit-fr-stueck-2","pa_bestelleinheit-stueck","pa_fsc-nein","pa_fsc-fr-nein-2","pa_herkunft-deutschland","pa_herkunft-fr-deutschland","pa_hsh-nein","pa_hsh-fr-nein-3","pa_liefereinheit-fr-1-stueck-2","pa_liefereinheit-1-stueck","pa_masse-h143xl250-6cm","pa_masse-fr-h143xl250-6cm-2","pa_paletteinheit-fr-0-stueck-2","pa_paletteinheit-0-stueck","pa_palettrabatt-nein","pa_palettrabatt-fr-nein-4","pa_swiss_made-nein","pa_swiss_made-fr-nein","pa_tarifstufe-63103","pa_ueberlaenge-nein","pa_ueberlaenge-fr-nein-5","first","instock","taxable","shipping-taxable","purchasable","product-type-simple"],"_links":{"self":[{"href":"https:\/\/shop.larus.ch\/fr\/wp-json\/wp\/v2\/product\/16608","targetHints":{"allow":["GET"]}}],"collection":[{"href":"https:\/\/shop.larus.ch\/fr\/wp-json\/wp\/v2\/product"}],"about":[{"href":"https:\/\/shop.larus.ch\/fr\/wp-json\/wp\/v2\/types\/product"}],"wp:featuredmedia":[{"embeddable":true,"href":"https:\/\/shop.larus.ch\/fr\/wp-json\/wp\/v2\/media\/325868"}],"wp:attachment":[{"href":"https:\/\/shop.larus.ch\/fr\/wp-json\/wp\/v2\/media?parent=16608"}],"wp:term":[{"taxonomy":"product_brand","embeddable":true,"href":"https:\/\/shop.larus.ch\/fr\/wp-json\/wp\/v2\/product_brand?post=16608"},{"taxonomy":"product_cat","embeddable":true,"href":"https:\/\/shop.larus.ch\/fr\/wp-json\/wp\/v2\/product_cat?post=16608"},{"taxonomy":"product_tag","embeddable":true,"href":"https:\/\/shop.larus.ch\/fr\/wp-json\/wp\/v2\/product_tag?post=16608"}],"curies":[{"name":"wp","href":"https:\/\/api.w.org\/{rel}","templated":true}]}}

élément de paroi en pierre

<p>élément de paroi en pierre<br />se composant de: <br />&#8211; 2x colonnes murales 190cm de long, 23cm de large, galvanisé à chaud<br />&#8211; 2x nattes à doubles barre S 143cm, galvanisé à chaud<br />&#8211; 4x attaches universelles V2A, 1 kit = 4 pièces<br />&#8211; 16x entretoises, 23cm</p>
