{"id":16575,"date":"2017-09-05T14:30:12","date_gmt":"2017-09-05T12:30:12","guid":{"rendered":"http:\/\/shop.larus.ch.rubin.metanet.ch\/product\/lattes-verticales\/"},"modified":"2026-08-31T03:00:08","modified_gmt":"2026-08-31T01:00:08","slug":"lattes-verticales","status":"publish","type":"product","link":"https:\/\/shop.larus.ch\/fr\/product\/lattes-verticales\/","title":{"rendered":"Lattes verticales"},"content":{"rendered":"<p>Lattes verticales<br \/>pour le vissage des madriers,<br \/>rabot\u00e9, chanfrein\u00e9, impr\u00e9gn\u00e9 brun<\/p>\n","protected":false},"excerpt":{"rendered":"<p>Lattes verticales<br \/>pour le vissage des madriers,<br \/>rabot\u00e9, chanfrein\u00e9, impr\u00e9gn\u00e9 brun<\/p>\n","protected":false},"featured_media":0,"template":"","meta":[],"product_brand":[],"product_cat":[59069],"product_tag":[],"class_list":["post-16575","product","type-product","status-publish","rabattgruppe-a","product_cat-43_fr_latte-verticale-pare-vue-madriers","pa_behandlung-braun-impr","pa_behandlung-fr-braun-impr-10","pa_bestelleinheit-fr-stueck-2","pa_bestelleinheit-stueck","pa_fsc-nein","pa_fsc-fr-nein-2","pa_herkunft-schweiz","pa_herkunft-fr-schweiz","pa_holzart-fr-fichte-13","pa_holzart-fichte","pa_hsh-ja","pa_hsh-fr-ja-4","pa_liefereinheit-fr-1-stueck-2","pa_liefereinheit-1-stueck","pa_masse-6-02-6xl200cm","pa_masse-fr-6-02-6xl200cm-4","pa_paletteinheit-fr-0-stueck-2","pa_paletteinheit-0-stueck","pa_palettrabatt-nein","pa_palettrabatt-fr-nein-4","pa_swiss_made-ja","pa_swiss_made-fr-ja-3","pa_tarifstufe-63080","pa_ueberlaenge-nein","pa_ueberlaenge-fr-nein-5","first","instock","taxable","shipping-taxable","purchasable","product-type-simple"],"_links":{"self":[{"href":"https:\/\/shop.larus.ch\/fr\/wp-json\/wp\/v2\/product\/16575","targetHints":{"allow":["GET"]}}],"collection":[{"href":"https:\/\/shop.larus.ch\/fr\/wp-json\/wp\/v2\/product"}],"about":[{"href":"https:\/\/shop.larus.ch\/fr\/wp-json\/wp\/v2\/types\/product"}],"wp:attachment":[{"href":"https:\/\/shop.larus.ch\/fr\/wp-json\/wp\/v2\/media?parent=16575"}],"wp:term":[{"taxonomy":"product_brand","embeddable":true,"href":"https:\/\/shop.larus.ch\/fr\/wp-json\/wp\/v2\/product_brand?post=16575"},{"taxonomy":"product_cat","embeddable":true,"href":"https:\/\/shop.larus.ch\/fr\/wp-json\/wp\/v2\/product_cat?post=16575"},{"taxonomy":"product_tag","embeddable":true,"href":"https:\/\/shop.larus.ch\/fr\/wp-json\/wp\/v2\/product_tag?post=16575"}],"curies":[{"name":"wp","href":"https:\/\/api.w.org\/{rel}","templated":true}]}}

<p>Lattes verticales<br />pour le vissage des madriers,<br />raboté, chanfreiné, imprégné brun</p>
